(4 - 2))?
1
Let s(h) = -35*h - 235. What is the remainder when 249 is divided by s(-8)?
24
Let i(z) be the third derivative of -7*z**5/60 + z**4/12 - z**3/3 + 5*z**2. Let m be i(2). Let b = m + 45. Calculate the remainder when b is divided by 10.
9
Suppose 0 = -8*d - 20 - 28. Let q = -21 + 37. What is the remainder when 2/4 - (0 + 165/d) is divided by q?
12
Let k(t) = 18*t + 321. Calculate the remainder when 145 is divided by k(-15).
43
Calculate the remainder when 1/((-3)/(-4*411)) is divided by 25.
23
Suppose -5*u = 3*v - 89 - 624, 3*u - 431 = -v. What is the remainder when u is divided by 39?
28
Suppose -147*y - 616 = -155*y. What is the remainder when 535 is divided by y?
73
Let z(i) = -i**3 + i**2 + 12*i - 10. What is the remainder when 29 is divided by z(-4)?
7
Suppose -4*u + 1096 = -0*u. Calculate the remainder when u is divided by ((-23)/2)/((3 + -5)/8) - 0.
44
Suppose 0 = -n + 2*k + 7 + 7, -114 = -5*n - k. Suppose -n - 12 = -2*x. Let f = -7 + 12. What is the remainder when x is divided by f?
2
Suppose -36 = -20*j + 1844. What is the remainder when j is divided by 20?
14
Let y be 65/20 - (-1)/(-4). Suppose -6 + 22 = 4*v, -2*v - 178 = -y*o. Calculate the remainder when o is divided by 32.
30
Suppose -4*y = y - 51 - 599. Calculate the remainder when y is divided by 1/4 - (-87)/4.
20
Calculate the remainder when 29 is divided by -1 + 6 - 4 - (-3 - 10).
1
Let u(n) = 26*n**3 - 7*n**2 + 16*n + 3. What is the remainder when u(2) is divided by 8?
7
Let v(r) = -r**2 - 13*r - 10. Let n be v(-12). Suppose 2*j + b - 24 = -b, 4*j - 2*b - 36 = 0. What is the remainder when ((-1)/n)/((-3)/348) is divided by j?
8
Let r(d) = 7*d**2 + 9*d - 5. Let y(x) = -8*x + x**2 + 3*x**2 + 12*x - 2. Let s(g) = 3*r(g) - 5*y(g). What is the remainder when 23 is divided by s(-9)?
10
Let j = -1460 - -1674. Calculate the remainder when j is divided by 12.
10
Suppose -5*f - 35 = -10, l - 2*f - 16 = 0. Suppose -10*r + l*r + 168 = 0. What is the remainder when r is divided by 11?
9
Let c = -137 - -228. Calculate the remainder when c is divided by 42.
7
Let u(n) = n**3 + 11*n**2 + 6*n - 5. Suppose -7 = 2*t + 13. What is the remainder when u(t) is divided by 9?
8
Suppose i + 1 = 4*z, 10*i + 5*z - 26 = 9*i. What is the remainder when 85 is divided by i?
8
Suppose -d - 2*m = -69, 3*m = -d + 4*m + 57. Let a = d + -19. Calculate the remainder when a is divided by 9.
6
Let l be ((-1)/2)/(-4 + 45/12). Suppose -2*j + 36 = l*j. What is the remainder when ((-6)/(-4))/(2/20) is divided by j?
6
Let q = 403 - 217. Calculate the remainder when q is divided by 9.
6
Let n = 166 - 110. Suppose -77 - 23 = -5*s. What is the remainder when n is divided by s?
16
Let z be 2 - ((4 - 4) + 46). Calculate the remainder when (z/8)/((-2)/28) is divided by 8.
5
Suppose -23*i + 540 + 610 = 0. What is the remainder when i is divided by 27?
23
Suppose -6*s + 304 = 2*r, -9*s = -12*s - 12. Calculate the remainder when r is divided by 55.
54
Suppose 10*a = -20 + 380. What is the remainder when a is divided by 10?
6
Let z(r) = -r**3 + 12*r**2 + 14*r - 9. Let k be z(13). Suppose 5*c - 4 = k*c. Let a(p) = -9*p**3 - 2*p - 1. Calculate the remainder when a(-1) is divided by c.
2
Let q = -251 + 411. Calculate the remainder when q is divided by 159.
1
Suppose 119 = 4*g + 5*p, 44*p - 47*p = 4*g - 129. What is the remainder when 94 is divided by g?
22
Suppose -5*i + 5*r = 0, 0 = 5*i - r - 0*r + 16. Let s(h) = -10*h - 23. Calculate the remainder when s(i) is divided by 6.
5
What is the remainder when 66/(-44)*10/(-1) is divided by 10?
5
Let f = 3386 + -1927. What is the remainder when f is divided by 73?
72
Suppose 287 = -9*j + 1088. What is the remainder when j is divided by 12?
5
Let n(b) be the second derivative of 8*b**3/3 - b**2 - 14*b. What is the remainder when 125 is divided by n(1)?
13
Suppose -36*a = 4*a - 6360. Calculate the remainder when a is divided by 83.
76
Suppose 23*m - 21*m + 320 = 0. Let q = m - -98. Calculate the remainder when 35 is divided by 4/(-3) - q/6.
8
Let d(v) = -7*v + v**2 - 5 - 3*v + 4*v. Suppose 15 + 0 = 2*o + c, 9 = o + 2*c. What is the remainder when o is divided by d(7)?
1
Let b = 166 - -207. Calculate the remainder when b is divided by 95.
88
Suppose 306*d + 87 = 309*d. What is the remainder when 50 is divided by d?
21
Let g(a) = a**3 + 4*a**2 + a - 4. Let r be g(-3). Suppose 6*x = r*x + 56. What is the remainder when 82 is divided by x?
12
Let x(l) = -3*l**2 - 3*l - 1. Let d be x(-2). Let z = d + 15. Suppose -z*a = -3*a - 185. Calculate the remainder when a is divided by 10.
7
Let d be ((-24)/9)/((-2)/69). Suppose 0 = -3*b - b + d. Suppose -3*l = -5*n + 20 + b, 10 = 2*n - 3*l. Calculate the remainder when 41 is divided by n.
8
Let k = -504 - -1386. Calculate the remainder when k is divided by 26.
24
Suppose 3*l = 2*s + 151, -3*l + 155 = -89*s + 85*s. What is the remainder when 104 is divided by l?
6
Let x = -2 - 6. Let o(n) be the second derivative of n**5/20 + 3*n**4/4 + 5*n**3/6 - 5*n**2 + 83*n + 1. Calculate the remainder when 55 is divided by o(x).
13
Let c = 126 - 118. Suppose -b + 486 = c*b. Calculate the remainder when b is divided by 28.
26
Suppose 0 = 29*n - 139 - 35. Suppose f + f - 2 = 0. Suppose 2*c - 3*v + f + 7 = 0, n = -c + 2*v. Calculate the remainder when 6 is divided by c.
0
Suppose -3*o + 45 + 21 = 3*z, z = -2*o + 45. Let y = -370 - -373. What is the remainder when o is divided by y?
2
Let a = 48 + -46. Suppose -4*c + 10 = 3*i, a*i = 5*c - 3*i + 5. What is the remainder when 3 is divided by c?
0
Suppose -5*n = 25 - 355. Let x be (15/4)/((-27)/(-72)). Suppose x*a - 9*a - 17 = 0. What is the remainder when n is divided by a?
15
Let a(v) = -38*v - 159. Calculate the remainder when 202 is divided by a(-6).
64
Suppose 0 = 4*j - 12*j + 664. Let t(v) = v**3 - 11*v**2 + 14*v - 12. What is the remainder when j is divided by t(10)?
27
Let y = 39 - 6. Let h = 69 - y. What is the remainder when 104 is divided by h?
32
Let f(l) = -51*l + 4. Let w(q) = -51*q + 3. Let u(b) = -5*f(b) + 6*w(b). Let r be 20/(-10) + (-1)/(-1). What is the remainder when u(r) is divided by 17?
15
Let r = -9 - -42. Calculate the remainder when 93 is divided by r.
27
Let h = 8 - 13. Let j be h/((-10)/6) - 0. Suppose g + j*y - 26 = 0, -2 = -y + 3*y. Calculate the remainder when g is divided by 6.
5
Let o(r) be the third derivative of r**4/24 + r**3/6 + r**2. Calculate the remainder when o(6) is divided by ((-3)/9)/((4 + -3)/(-15)).
2
Suppose -6*t + 34*t - 1204 = 0. Suppose -2*u = 5*b - 47, 0*b + 12 = 4*b. What is the remainder when t is divided by u?
11
Let y(c) = -c**2 + 11*c - 20. Suppose -v + 4*v - 84 = 0. What is the remainder when v is divided by y(6)?
8
Let c be (-35)/(-4) - (-2)/8. Let b = 10 - 6. Suppose -7*k = -4*k - c, -b*x = -k - 53. Calculate the remainder when x is divided by 6.
2
Let r(y) = y**2 + y - 11. Let w be r(-4). Suppose -3*l = -v + 15, 0 = -5*v - 3*l + w + 20. What is the remainder when v is divided by 3?
0
Let f = 52 - 35. Calculate the remainder when 24 is divided by f.
7
Suppose q - 17 + 9 = 0. Suppose 0 = -2*j + q + 6. Suppose -j*a = -9*a + 20. Calculate the remainder when a is divided by 6.
4
Suppose -i + m + 260 = 0, 2*i + 0*m + 5*m - 492 = 0. Calculate the remainder when i is divided by 7.
4
Suppose -3*t = 3*a - 6*a + 21, 3*a = -2*t + 1. Suppose -a*r - 12 = r. Calculate the remainder when 35 + -2 + 6/r is divided by 17.
14
Let x = -8 + 367. What is the remainder when x is divided by 18?
17
What is the remainder when 1046/14 - (133/49 + -3) is divided by 33?
9
Let h(c) = c**2 + 8*c + 12. Let r be h(-7). Suppose -2*i + 0*t - t + 33 = 0, r*i + t = 84. What is the remainder when 31 is divided by i?
14
Let z(b) = -2*b + 24. Let m be z(0). Let l = 20 + m. Calculate the remainder when l is divided by 9.
8
Let d = -472 + 479. Let w(m) = m**3 + 5*m**2 - 3*m + 5. What is the remainder when w(-4) is divided by d?
5
Let a = 523 + -494. Calculate the remainder when a is divided by 5.
4
Calculate the remainder when ((-73)/(-584))/((-1)/(-4376)) is divided by 50.
47
Suppose 18 + 0 = 6*i. Suppose c - 64 = -i*c. What is the remainder when 89 is divided by c?
9
Suppose 3739 = 5*y - 3*m, -y - y - 5*m = -1477. What is the remainder when y is divided by 75?
71
Let r(l) = -l**3 + 30*l**2 +